hest common divisor of x and 20.
20
Let n = -38 - -34. Let s(t) = t**2 - 17*t - 18. Let c be s(n). Calculate the greatest common divisor of 33 and c.
33
Let u(h) = 4*h**3 - 14*h**2 - 46*h + 490. Let c be u(11). Calculate the greatest common factor of c and 78.
26
Let w(d) = -d**2 + 16*d + 471. Let l be w(20). What is the greatest common divisor of l and 2645?
23
Let x = 7850 + -7816. Let k(g) = -g**3 + 4*g**2 + 5*g + 2. Let w be k(5). Let f(n) = 25*n + 1. Let r be f(w). What is the highest common divisor of r and x?
17
Let y = 5712 - 4506. What is the greatest common factor of y and 72?
18
Suppose 5*t + 4*r - 5212 = 0, -41*t + 43*t - 2086 = -2*r. Calculate the highest common divisor of 200 and t.
40
Let t(c) = 171*c - 2. Let x be t(4). Suppose 0 = 690*a - 680*a - 620. What is the greatest common divisor of x and a?
62
Let v = 2098 - 2035. What is the greatest common factor of v and 168?
21
Let d be 53/3 - 1/(-3). Suppose -4*c = -c - d. Suppose 154*v - 7911 = 1094 + 1159. What is the highest common factor of v and c?
6
Let r be (0 - -1)*364/4. Let i = 49 + -21. Let a be 102/8 + 7/i. What is the greatest common factor of a and r?
13
Let p = 395 - 340. Suppose -45*v + p*v = 2890. What is the highest common factor of 51 and v?
17
Let c(f) = -44 - 4*f - f**2 - 4 + 3*f + 20*f. Suppose -5*l - 4*i + 87 = 0, 0 = 5*i - 7 - 8. Let h be c(l). Calculate the greatest common factor of 48 and h.
12
Suppose 7*a - 2*s - 2292 = -2*a, -226 = -a + 5*s. Calculate the highest common factor of a and 2.
2
Let t = 127 + -111. Let m be (4/(-3))/((-1)/(-3)). Let a be (-13 + 1)/(3/m). Calculate the greatest common divisor of a and t.
16
Let s = 3124 - 2117. What is the greatest common divisor of s and 38?
19
Suppose -5*f + 2*q - 32 = -2*q, 0 = -4*q + 12. Let y be (-3 - f)*6/3. Suppose 9 = y*x + k - 2, 4*x - 5*k = 15. Calculate the highest common divisor of x and 65.
5
Let c(v) = v**3 + 19*v**2 - 17*v + 29. Let n be c(-20). Let q = 29 + n. Let o be q/(-1) + (0 - -4 - 2). What is the greatest common divisor of 6 and o?
2
Let s(w) = -4*w**3 - 35*w**2 - 37*w - 58. Let a be s(-13). What is the greatest common factor of 32 and a?
32
Let a be 525/(-140) + (-3750)/(-40). Let s(n) = -80*n + 2. Let u be s(-2). What is the greatest common divisor of a and u?
18
Let r(p) = -2*p**3 - 29*p**2 + 16*p + 51. Let w = -9 + -6. Let u be r(w). Calculate the highest common factor of 90 and u.
18
Let z(p) = 4*p**2 - p - 16. Let x be z(-4). Let y be (-2)/16 + (3 - 2034/(-16)). Calculate the greatest common factor of x and y.
26
Let l be 6/(2*12/(-160)). Let h be l - ((-20)/5)/4. Let t be (2/(-3))/(2/h). Calculate the greatest common divisor of 104 and t.
13
Suppose -3*k + 1158 = 5*w, 0 = -4*k - 4*w + 505 + 1039. What is the greatest common factor of k and 965?
193
Let y(u) = -u**2 + 22*u - 17. Let i be y(21). Suppose 2*g = 3*g + 3*a - 52, -i*a + 8 = 0. Calculate the greatest common factor of g and 92.
46
Let y(c) = 15*c - 42. Let g be y(3). Suppose 5*m - 720 = 5*t, 0 = -t + g - 0. Let i = m + -135. Calculate the greatest common divisor of 3 and i.
3
Suppose 0 = -17*s - 6*s + 207. Let z be (-9 + (s - 78))*6/(-9). What is the greatest common factor of z and 1508?
52
Let m(i) = i**3 - 11*i**2 + 11*i - 6. Let g be m(10). Suppose -4*q + 132 = 4*p, g*p - 3*q = -8*q + 135. What is the highest common factor of 120 and p?
30
Let s = -180 - -249. Suppose 0 = -3*u - m + s, 10*u = 8*u + 4*m + 60. Calculate the highest common factor of 6 and u.
6
Suppose -4*a + 5*m + 19481 + 12429 = 0, -3*m = 3*a - 23919. Calculate the highest common factor of a and 25.
25
Suppose -5*y + 256 = -2*y - 4*s, 3*y - 2*s = 248. Suppose y = 20*b - 10*b. Calculate the greatest common factor of 72 and b.
8
Suppose -4*t - 3*b + 14 = 59, 27 = -4*t + 3*b. Let g be (-2 - -5)*(-15)/t. Suppose -g*x + 64 = -56. What is the greatest common divisor of 18 and x?
6
Let g = -5363 - -5405. Calculate the highest common factor of 2058 and g.
42
Suppose 9*t + 4972 = -671. Suppose 0*s + 3*y + 282 = -3*s, 3*s - 3*y = -312. Let n be (-2)/6 + t/s. Calculate the highest common factor of 24 and n.
6
Suppose -s = -w - 15, -2*s - 5*w + 19 = 17. Let i = 0 - -1. Let k be i - -15*6/9. What is the greatest common factor of k and s?
11
Suppose -5979 = -144*a + 2373. Calculate the greatest common factor of a and 7047.
29
Suppose 3*b - 79*b = -464 - 3184. Calculate the highest common factor of 9968 and b.
16
Let m = -1 + 1. Suppose m*o - 2*o + 48 = 0. Let g = -28499 + 28715. What is the highest common divisor of o and g?
24
Suppose -40886 + 9769 = 29*c. Let y = -598 - c. What is the greatest common divisor of 19 and y?
19
Suppose -4*t + 2970 = t. Suppose -4*v + 534 = -78*n + 79*n, 4*v = 4*n + 504. What is the highest common divisor of v and t?
66
Let k = -18 - -20. Suppose y + k*y - 51 = 0. Let b(d) = -12*d + 161. Let w be b(12). What is the highest common factor of y and w?
17
Let k(i) = -i**2 - 36*i - 133. Let v be k(-31). Calculate the greatest common divisor of 594 and v.
22
Suppose -17*o + 4980 - 384 = 380. Calculate the highest common factor of 16 and o.
8
Suppose -2*x = -4*u - 40, 2*u + 2*x + 12 = 5*x. Let z be 1 + u/9 - (-40)/12. Let k be 7 + (4 - z)*(-1)/(-1). Calculate the highest common factor of 24 and k.
8
Suppose -2*o + 4*a = -148, -54*a + 250 = 3*o - 56*a. What is the greatest common divisor of 121 and o?
11
Suppose 3*k + 165 = 273. Let p = k - 12. What is the greatest common divisor of p and 6?
6
Let t(y) = -y**3 - 2*y**2 - 5*y - 9. Let m be t(-2). What is the highest common factor of m and 121?
1
Suppose -10 = -3*t - 2*t. Let m(q) = -5*q**3 - 3*q - 2*q + q**t + 0*q**3 + q**3 - 5. Let w be m(-4). Calculate the highest common divisor of w and 41.
41
Let n = 4741 + -4317. Calculate the greatest common divisor of 16 and n.
8
Let t be (139 - 153)*(-12)/14. Suppose -58 = -0*l + 2*l. Let m = l - -53. Calculate the greatest common divisor of t and m.
12
Suppose q = 4*a - 2 - 10, -2*q + 28 = 5*a. Let s = 127 - 51. Suppose -3*w + 22*w = s. Calculate the highest common factor of w and q.
4
Let b be (-45)/(-12 + 21) - (-2 + 5 + -600). Calculate the highest common divisor of 3219 and b.
37
Let h be ((-9)/2)/((-496)/9920). Suppose -4*b + 2336 = -2*u, -4*b + 4*u = -0*b - 2332. Calculate the highest common factor of h and b.
45
Let n = 213 + -212. Let i be (-261)/(27/(-3)) - n. What is the highest common divisor of i and 72?
4
Suppose -7*i - 19*q = -16*q - 44038, -5*i + 5*q = -31470. What is the highest common divisor of 52 and i?
52
Suppose -4 = -9*b + 68. Suppose 22 = b*v - 6*v. Suppose -5*w - 11*p + 45 = -16*p, -w = -4*p - 3. What is the highest common factor of v and w?
11
Let z = 6205 + -3284. Calculate the greatest common divisor of 23 and z.
23
Let k be (-2284)/(-10) - (-4)/(-10). Let x be ((-228)/8)/((7125/342)/(-125)). What is the greatest common divisor of k and x?
57
Suppose 3*t = 3*n - 0*n + 30, 3*n + 14 = t. Let c be -2 + (-60)/(-27) + (-2596)/99. Let u be (c/(-4))/(2*1/t). Calculate the highest common factor of 182 and u.
26
Let m(c) = 3*c + 35. Let k be m(15). Let w be 4/(-10) - (-672)/k. Let s(v) = -2*v - 51. Let g be s(-26). Calculate the greatest common divisor of w and g.
1
Suppose -g = 5*t - 71, -t = -2*g + t + 82. Calculate the highest common factor of 2599 and g.
23
Let s be (-3 - 91)/(32/(-256)). What is the highest common factor of 288 and s?
16
Let i = 657 + -648. Let v be (i/15)/(-3) - (-2679)/95. Calculate the highest common divisor of 182 and v.
14
Let f be 4195140/8526 - 4/98. Suppose -4*d + 0*d + 144 = 0. Calculate the highest common divisor of d and f.
12
Let r = -2 + 6. Let g be 2/((-2)/(-21))*3/9. Let y be 4 + r + 0 + g. Calculate the highest common factor of y and 5.
5
Let d be (-1)/5*6*-5. Suppose -7*z + 28 = -42. Suppose 4*q = 5*l - 108, -l + z = -4*q - 2. Calculate the greatest common factor of l and d.
6
Let o be (-3586)/14 + 5/(35/1). Let h = o - -389. Calculate the greatest common factor of h and 14.
7
Let y be 167/((-6)/(-12)*2) - -7. Calculate the greatest common factor of y and 11658.
174
Suppose 4*w - 1488 = -4*q, -2*q - 24*w + 25*w = -732. Calculate the highest common factor of 6348 and q.
92
Let y be (-2 - -1)/((-4)/352). Let q(b) = -26*b + 34. Let l be q(-3). Suppose -6*i - l = -20*i. Calculate the greatest comm